CRAN Package Check Results for Package suppdata

Last updated on 2020-09-17 02:08:26 CEST.

Flavor Version Tinstall Tcheck Ttotal Status Flags
r-devel-linux-x86_64-debian-clang 1.1-3 6.12 55.62 61.74 OK
r-devel-linux-x86_64-debian-gcc 1.1-3 5.09 42.61 47.70 OK
r-devel-linux-x86_64-fedora-clang 1.1-3 90.91 OK
r-devel-linux-x86_64-fedora-gcc 1.1-3 74.06 OK
r-devel-windows-ix86+x86_64 1.1-3 16.00 68.00 84.00 OK
r-patched-linux-x86_64 1.1-3 6.03 55.04 61.07 OK
r-patched-solaris-x86 1.1-3 122.40 OK
r-release-linux-x86_64 1.1-3 5.67 54.40 60.07 OK
r-release-macos-x86_64 1.1-3 OK
r-release-windows-ix86+x86_64 1.1-3 15.00 68.00 83.00 OK
r-oldrel-macos-x86_64 1.1-3 ERROR
r-oldrel-windows-ix86+x86_64 1.1-3 9.00 92.00 101.00 OK

Check Details

Version: 1.1-3
Check: tests
Result: ERROR
     Running ‘test-all.R’ [3s/3s]
    Running the tests in ‘tests/test-all.R’ failed.
    Last 13 lines of output:
     call: normalizePath(path, mustWork = TRUE)
     error: path[1]="/Users/urbanek/Library/Caches/R/fulltext_storr": No such file or directory
     Backtrace:
     1. base::library("fulltext")
     2. base::tryCatch(...)
     3. base:::tryCatchList(expr, classes, parentenv, handlers)
     4. base:::tryCatchOne(expr, names, parentenv, handlers[[1L]])
     5. value[[3L]](cond)
    
     ══ testthat results ═══════════════════════════════════════════════════════════
     [ OK: 0 | SKIPPED: 75 | WARNINGS: 0 | FAILED: 1 ]
     1. Error: (unknown) (@test-fulltext.R#3)
    
     Error: testthat unit tests failed
     Execution halted
Flavor: r-oldrel-macos-x86_64