CRAN Package Check Results for Package survSNP

Last updated on 2020-09-17 02:08:27 CEST.

Flavor Version Tinstall Tcheck Ttotal Status Flags
r-devel-linux-x86_64-debian-clang 0.24 16.78 168.94 185.72 OK
r-devel-linux-x86_64-debian-gcc 0.24 15.41 127.78 143.19 OK
r-devel-linux-x86_64-fedora-clang 0.24 246.68 NOTE
r-devel-linux-x86_64-fedora-gcc 0.24 226.05 NOTE
r-devel-windows-ix86+x86_64 0.24 44.00 196.00 240.00 OK
r-patched-linux-x86_64 0.24 16.45 163.22 179.67 OK
r-patched-solaris-x86 0.24 296.30 OK
r-release-linux-x86_64 0.24 17.91 163.55 181.46 OK
r-release-macos-x86_64 0.24 OK
r-release-windows-ix86+x86_64 0.24 42.00 179.00 221.00 OK
r-oldrel-macos-x86_64 0.24 OK
r-oldrel-windows-ix86+x86_64 0.24 27.00 237.00 264.00 OK

Check Details

Version: 0.24
Check: compiled code
Result: NOTE
    File ‘survSNP/libs/survSNP.so’:
     Found no calls to: ‘R_registerRoutines’, ‘R_useDynamicSymbols’
    
    It is good practice to register native routines and to disable symbol
    search.
    
    See ‘Writing portable packages’ in the ‘Writing R Extensions’ manual.
Flavors: r-devel-linux-x86_64-fedora-clang, r-devel-linux-x86_64-fedora-gcc