CRAN Package Check Results for Package surveybootstrap

Last updated on 2020-09-17 02:08:27 CEST.

Flavor Version Tinstall Tcheck Ttotal Status Flags
r-devel-linux-x86_64-debian-clang 0.0.1 35.27 162.11 197.38 OK
r-devel-linux-x86_64-debian-gcc 0.0.1 24.61 114.19 138.80 OK
r-devel-linux-x86_64-fedora-clang 0.0.1 261.05 NOTE
r-devel-linux-x86_64-fedora-gcc 0.0.1 230.52 NOTE
r-devel-windows-ix86+x86_64 0.0.1 83.00 270.00 353.00 OK
r-patched-linux-x86_64 0.0.1 29.35 152.62 181.97 OK
r-patched-solaris-x86 0.0.1 252.80 OK
r-release-linux-x86_64 0.0.1 26.18 152.55 178.73 OK
r-release-macos-x86_64 0.0.1 OK
r-release-windows-ix86+x86_64 0.0.1 81.00 241.00 322.00 OK
r-oldrel-macos-x86_64 0.0.1 OK
r-oldrel-windows-ix86+x86_64 0.0.1 55.00 363.00 418.00 OK

Check Details

Version: 0.0.1
Check: compiled code
Result: NOTE
    File ‘surveybootstrap/libs/surveybootstrap.so’:
     Found no calls to: ‘R_registerRoutines’, ‘R_useDynamicSymbols’
    
    It is good practice to register native routines and to disable symbol
    search.
    
    See ‘Writing portable packages’ in the ‘Writing R Extensions’ manual.
Flavors: r-devel-linux-x86_64-fedora-clang, r-devel-linux-x86_64-fedora-gcc