Last updated on 2020-09-17 02:08:27 CEST.
Flavor | Version | Tinstall | Tcheck | Ttotal | Status | Flags |
---|---|---|---|---|---|---|
r-devel-linux-x86_64-debian-clang | 0.2.3 | 13.37 | 223.44 | 236.81 | OK | |
r-devel-linux-x86_64-debian-gcc | 0.2.3 | 11.95 | 163.81 | 175.76 | OK | |
r-devel-linux-x86_64-fedora-clang | 0.2.3 | 309.10 | NOTE | |||
r-devel-linux-x86_64-fedora-gcc | 0.2.3 | 292.91 | NOTE | |||
r-devel-windows-ix86+x86_64 | 0.2.3 | 34.00 | 224.00 | 258.00 | OK | |
r-patched-linux-x86_64 | 0.2.3 | 11.21 | 214.40 | 225.61 | OK | |
r-patched-solaris-x86 | 0.2.3 | 402.10 | NOTE | |||
r-release-linux-x86_64 | 0.2.3 | 11.78 | 215.24 | 227.02 | OK | |
r-release-macos-x86_64 | 0.2.3 | NOTE | ||||
r-release-windows-ix86+x86_64 | 0.2.3 | 33.00 | 289.00 | 322.00 | OK | |
r-oldrel-macos-x86_64 | 0.2.3 | NOTE | ||||
r-oldrel-windows-ix86+x86_64 | 0.2.3 | 40.00 | 258.00 | 298.00 | OK |
Version: 0.2.3
Check: dependencies in R code
Result: NOTE
Namespaces in Imports field not imported from:
‘lubridate’ ‘tidyr’
All declared Imports should be used.
Flavors: r-devel-linux-x86_64-fedora-clang, r-devel-linux-x86_64-fedora-gcc, r-patched-solaris-x86, r-release-macos-x86_64, r-oldrel-macos-x86_64