Last updated on 2020-09-17 02:08:27 CEST.
Flavor | Version | Tinstall | Tcheck | Ttotal | Status | Flags |
---|---|---|---|---|---|---|
r-devel-linux-x86_64-debian-clang | 1.3.5 | 30.14 | 25.76 | 55.90 | OK | |
r-devel-linux-x86_64-debian-gcc | 1.3.5 | 21.72 | 20.31 | 42.03 | OK | |
r-devel-linux-x86_64-fedora-clang | 1.3.5 | 88.83 | NOTE | |||
r-devel-linux-x86_64-fedora-gcc | 1.3.5 | 70.55 | NOTE | |||
r-devel-windows-ix86+x86_64 | 1.3.5 | 84.00 | 58.00 | 142.00 | OK | |
r-patched-linux-x86_64 | 1.3.5 | 22.79 | 25.51 | 48.30 | OK | |
r-patched-solaris-x86 | 1.3.5 | 77.70 | OK | |||
r-release-linux-x86_64 | 1.3.5 | 22.17 | 25.50 | 47.67 | OK | |
r-release-macos-x86_64 | 1.3.5 | OK | ||||
r-release-windows-ix86+x86_64 | 1.3.5 | 83.00 | 56.00 | 139.00 | OK | |
r-oldrel-macos-x86_64 | 1.3.5 | OK | ||||
r-oldrel-windows-ix86+x86_64 | 1.3.5 | 61.00 | 70.00 | 131.00 | OK |
Version: 1.3.5
Check: top-level files
Result: NOTE
possible bashism in configure line 12 (echo -n):
echo -n " checking for Sun Studio compiler..."
possible bashism in configure line 22 (echo -n):
echo -n " checking for OS..."
Flavors: r-devel-linux-x86_64-fedora-clang, r-devel-linux-x86_64-fedora-gcc