CRAN Package Check Results for Package systemfonts

Last updated on 2020-09-17 02:08:27 CEST.

Flavor Version Tinstall Tcheck Ttotal Status Flags
r-devel-linux-x86_64-debian-clang 0.3.1 31.61 26.99 58.60 OK
r-devel-linux-x86_64-debian-gcc 0.3.1 28.39 21.12 49.51 OK
r-devel-linux-x86_64-fedora-clang 0.3.1 102.84 OK
r-devel-linux-x86_64-fedora-gcc 0.3.1 89.53 OK
r-devel-windows-ix86+x86_64 0.3.1 101.00 68.00 169.00 OK
r-patched-linux-x86_64 0.3.1 33.09 26.44 59.53 OK
r-patched-solaris-x86 0.3.1 87.60 OK
r-release-linux-x86_64 0.3.1 32.63 26.52 59.15 OK
r-release-macos-x86_64 0.3.1 NOTE
r-release-windows-ix86+x86_64 0.3.1 105.00 71.00 176.00 OK
r-oldrel-macos-x86_64 0.3.1 OK
r-oldrel-windows-ix86+x86_64 0.3.1 98.00 49.00 147.00 OK

Check Details

Version: 0.3.1
Check: installed package size
Result: NOTE
     installed size is 7.0Mb
     sub-directories of 1Mb or more:
     libs 6.8Mb
Flavor: r-release-macos-x86_64