Last updated on 2020-09-17 02:08:27 CEST.
Flavor | Version | Tinstall | Tcheck | Ttotal | Status | Flags |
---|---|---|---|---|---|---|
r-devel-linux-x86_64-debian-clang | 0.1.9 | 9.65 | 80.15 | 89.80 | OK | |
r-devel-linux-x86_64-debian-gcc | 0.1.9 | 7.87 | 59.16 | 67.03 | OK | |
r-devel-linux-x86_64-fedora-clang | 0.1.9 | 120.09 | NOTE | |||
r-devel-linux-x86_64-fedora-gcc | 0.1.9 | 106.50 | NOTE | |||
r-devel-windows-ix86+x86_64 | 0.1.9 | 22.00 | 111.00 | 133.00 | OK | |
r-patched-linux-x86_64 | 0.1.9 | 9.29 | 75.95 | 85.24 | OK | |
r-patched-solaris-x86 | 0.1.9 | 156.30 | NOTE | |||
r-release-linux-x86_64 | 0.1.9 | 9.88 | 75.73 | 85.61 | OK | |
r-release-macos-x86_64 | 0.1.9 | NOTE | ||||
r-release-windows-ix86+x86_64 | 0.1.9 | 22.00 | 112.00 | 134.00 | OK | |
r-oldrel-macos-x86_64 | 0.1.9 | NOTE | ||||
r-oldrel-windows-ix86+x86_64 | 0.1.9 | 19.00 | 104.00 | 123.00 | OK |
Version: 0.1.9
Check: Rd cross-references
Result: NOTE
Undeclared package ‘ape’ in Rd xrefs
Flavor: r-devel-linux-x86_64-fedora-clang
Version: 0.1.9
Check: data for non-ASCII characters
Result: NOTE
Note: found 137 marked UTF-8 strings
Flavors: r-devel-linux-x86_64-fedora-clang, r-devel-linux-x86_64-fedora-gcc, r-patched-solaris-x86, r-release-macos-x86_64, r-oldrel-macos-x86_64