CRAN Package Check Results for Package tdROC

Last updated on 2020-09-17 02:08:27 CEST.

Flavor Version Tinstall Tcheck Ttotal Status Flags
r-devel-linux-x86_64-debian-clang 1.0 6.83 57.72 64.55 OK
r-devel-linux-x86_64-debian-gcc 1.0 6.21 44.86 51.07 OK
r-devel-linux-x86_64-fedora-clang 1.0 92.45 NOTE
r-devel-linux-x86_64-fedora-gcc 1.0 78.89 OK
r-devel-windows-ix86+x86_64 1.0 16.00 64.00 80.00 OK
r-patched-linux-x86_64 1.0 6.76 56.35 63.11 OK
r-patched-solaris-x86 1.0 117.70 OK
r-release-linux-x86_64 1.0 7.30 56.34 63.64 OK
r-release-macos-x86_64 1.0 OK
r-release-windows-ix86+x86_64 1.0 16.00 63.00 79.00 OK
r-oldrel-macos-x86_64 1.0 OK
r-oldrel-windows-ix86+x86_64 1.0 9.00 78.00 87.00 OK

Check Details

Version: 1.0
Check: Rd cross-references
Result: NOTE
    Undeclared package ‘survivalROC’ in Rd xrefs
Flavor: r-devel-linux-x86_64-fedora-clang