Last updated on 2020-09-17 02:08:27 CEST.
Flavor | Version | Tinstall | Tcheck | Ttotal | Status | Flags |
---|---|---|---|---|---|---|
r-devel-linux-x86_64-debian-clang | 1.0.8 | 256.90 | 88.44 | 345.34 | OK | |
r-devel-linux-x86_64-debian-gcc | 1.0.8 | 181.02 | 67.22 | 248.24 | OK | |
r-devel-linux-x86_64-fedora-clang | 1.0.8 | 523.67 | NOTE | |||
r-devel-linux-x86_64-fedora-gcc | 1.0.8 | 445.58 | OK | |||
r-devel-windows-ix86+x86_64 | 1.0.8 | 592.00 | 134.00 | 726.00 | NOTE | |
r-patched-linux-x86_64 | 1.0.8 | 184.04 | 87.41 | 271.45 | OK | |
r-patched-solaris-x86 | 1.0.8 | 367.30 | OK | |||
r-release-linux-x86_64 | 1.0.8 | 182.14 | 87.34 | 269.48 | OK | |
r-release-macos-x86_64 | 1.0.8 | NOTE | ||||
r-release-windows-ix86+x86_64 | 1.0.8 | 569.00 | 173.00 | 742.00 | NOTE | |
r-oldrel-macos-x86_64 | 1.0.8 | NOTE | ||||
r-oldrel-windows-ix86+x86_64 | 1.0.8 | 485.00 | 155.00 | 640.00 | NOTE |
Version: 1.0.8
Check: installed package size
Result: NOTE
installed size is 16.4Mb
sub-directories of 1Mb or more:
apps 3.2Mb
libs 11.2Mb
Flavors: r-devel-linux-x86_64-fedora-clang, r-devel-windows-ix86+x86_64, r-release-macos-x86_64, r-release-windows-ix86+x86_64, r-oldrel-macos-x86_64, r-oldrel-windows-ix86+x86_64