Last updated on 2020-09-17 02:08:27 CEST.
Flavor | Version | Tinstall | Tcheck | Ttotal | Status | Flags |
---|---|---|---|---|---|---|
r-devel-linux-x86_64-debian-clang | 1.0.2 | 3.83 | 34.76 | 38.59 | OK | |
r-devel-linux-x86_64-debian-gcc | 1.0.2 | 3.05 | 26.77 | 29.82 | OK | |
r-devel-linux-x86_64-fedora-clang | 1.0.2 | 60.31 | OK | |||
r-devel-linux-x86_64-fedora-gcc | 1.0.2 | 46.19 | OK | |||
r-devel-windows-ix86+x86_64 | 1.0.2 | 12.00 | 42.00 | 54.00 | OK | |
r-patched-linux-x86_64 | 1.0.2 | 3.38 | 34.04 | 37.42 | OK | |
r-patched-solaris-x86 | 1.0.2 | 71.40 | NOTE | |||
r-release-linux-x86_64 | 1.0.2 | 3.53 | 34.23 | 37.76 | OK | |
r-release-macos-x86_64 | 1.0.2 | OK | ||||
r-release-windows-ix86+x86_64 | 1.0.2 | 8.00 | 61.00 | 69.00 | OK | |
r-oldrel-macos-x86_64 | 1.0.2 | OK | ||||
r-oldrel-windows-ix86+x86_64 | 1.0.2 | 14.00 | 55.00 | 69.00 | OK |
Version: 1.0.2
Check: package dependencies
Result: NOTE
Package suggested but not available for checking: ‘tesseract’
Flavor: r-patched-solaris-x86