Last updated on 2020-09-17 02:08:27 CEST.
Flavor | Version | Tinstall | Tcheck | Ttotal | Status | Flags |
---|---|---|---|---|---|---|
r-devel-linux-x86_64-debian-clang | 2.2.1 | 17.34 | 315.60 | 332.94 | OK | |
r-devel-linux-x86_64-debian-gcc | 2.2.1 | 15.99 | 227.50 | 243.49 | OK | |
r-devel-linux-x86_64-fedora-clang | 2.2.1 | 406.48 | NOTE | |||
r-devel-linux-x86_64-fedora-gcc | 2.2.1 | 405.64 | NOTE | |||
r-devel-windows-ix86+x86_64 | 2.2.1 | 43.00 | 390.00 | 433.00 | OK | |
r-patched-linux-x86_64 | 2.2.1 | 16.71 | 298.26 | 314.97 | OK | |
r-patched-solaris-x86 | 2.2.1 | 480.50 | NOTE | |||
r-release-linux-x86_64 | 2.2.1 | 20.14 | 299.30 | 319.44 | NOTE | |
r-release-macos-x86_64 | 2.2.1 | NOTE | ||||
r-release-windows-ix86+x86_64 | 2.2.1 | 46.00 | 389.00 | 435.00 | OK | |
r-oldrel-macos-x86_64 | 2.2.1 | NOTE | ||||
r-oldrel-windows-ix86+x86_64 | 2.2.1 | 41.00 | 379.00 | 420.00 | OK |
Version: 2.2.1
Check: package dependencies
Result: NOTE
Imports includes 26 non-default packages.
Importing from so many packages makes the package vulnerable to any of
them becoming unavailable. Move as many as possible to Suggests and
use conditionally.
Flavor: r-devel-linux-x86_64-fedora-clang
Version: 2.2.1
Check: installed package size
Result: NOTE
installed size is 5.0Mb
sub-directories of 1Mb or more:
doc 3.3Mb
help 1.1Mb
Flavors: r-devel-linux-x86_64-fedora-clang, r-patched-solaris-x86
Version: 2.2.1
Check: dependencies in R code
Result: NOTE
Namespace in Imports field not imported from: ‘generics’
All declared Imports should be used.
Flavors: r-devel-linux-x86_64-fedora-clang, r-devel-linux-x86_64-fedora-gcc, r-patched-solaris-x86, r-release-macos-x86_64, r-oldrel-macos-x86_64
Version: 2.2.1
Check: data for non-ASCII characters
Result: NOTE
Note: found 2750 marked UTF-8 strings
Flavors: r-devel-linux-x86_64-fedora-clang, r-devel-linux-x86_64-fedora-gcc, r-patched-solaris-x86, r-release-macos-x86_64, r-oldrel-macos-x86_64
Version: 2.2.1
Check: package dependencies
Result: NOTE
Package suggested but not available for checking: ‘modeltime’
Flavor: r-release-linux-x86_64