CRAN Package Check Results for Package tmcn

Last updated on 2020-09-17 02:08:28 CEST.

Flavor Version Tinstall Tcheck Ttotal Status Flags
r-devel-linux-x86_64-debian-clang 0.2-13 3.65 28.72 32.37 OK
r-devel-linux-x86_64-debian-gcc 0.2-13 2.78 19.71 22.49 OK
r-devel-linux-x86_64-fedora-clang 0.2-13 46.85 NOTE
r-devel-linux-x86_64-fedora-gcc 0.2-13 34.45 NOTE
r-devel-windows-ix86+x86_64 0.2-13 15.00 55.00 70.00 OK
r-patched-linux-x86_64 0.2-13 2.94 24.93 27.87 OK
r-patched-solaris-x86 0.2-13 52.50 NOTE
r-release-linux-x86_64 0.2-13 3.33 24.96 28.29 OK
r-release-macos-x86_64 0.2-13 NOTE
r-release-windows-ix86+x86_64 0.2-13 12.00 50.00 62.00 OK
r-oldrel-macos-x86_64 0.2-13 NOTE
r-oldrel-windows-ix86+x86_64 0.2-13 9.00 53.00 62.00 OK

Check Details

Version: 0.2-13
Check: data for non-ASCII characters
Result: NOTE
     Note: found 134043 marked UTF-8 strings
Flavors: r-devel-linux-x86_64-fedora-clang, r-devel-linux-x86_64-fedora-gcc, r-patched-solaris-x86, r-release-macos-x86_64, r-oldrel-macos-x86_64