Last updated on 2020-09-17 02:08:28 CEST.
Flavor | Version | Tinstall | Tcheck | Ttotal | Status | Flags |
---|---|---|---|---|---|---|
r-devel-linux-x86_64-debian-clang | 1.1 | 14.91 | 110.66 | 125.57 | OK | |
r-devel-linux-x86_64-debian-gcc | 1.1 | 13.29 | 83.37 | 96.66 | OK | |
r-devel-linux-x86_64-fedora-clang | 1.1 | 169.10 | NOTE | |||
r-devel-linux-x86_64-fedora-gcc | 1.1 | 155.75 | NOTE | |||
r-devel-windows-ix86+x86_64 | 1.1 | 35.00 | 136.00 | 171.00 | OK | |
r-patched-linux-x86_64 | 1.1 | 11.73 | 106.18 | 117.91 | OK | |
r-patched-solaris-x86 | 1.1 | 236.80 | NOTE | |||
r-release-linux-x86_64 | 1.1 | 13.08 | 106.18 | 119.26 | OK | |
r-release-macos-x86_64 | 1.1 | NOTE | ||||
r-release-windows-ix86+x86_64 | 1.1 | 36.00 | 140.00 | 176.00 | OK | |
r-oldrel-macos-x86_64 | 1.1 | ERROR | ||||
r-oldrel-windows-ix86+x86_64 | 1.0 | 37.00 | 153.00 | 190.00 | OK |
Version: 1.1
Check: dependencies in R code
Result: NOTE
Namespaces in Imports field not imported from:
‘V8’ ‘colorspace’
All declared Imports should be used.
Flavors: r-devel-linux-x86_64-fedora-clang, r-devel-linux-x86_64-fedora-gcc, r-patched-solaris-x86, r-release-macos-x86_64
Version: 1.1
Check: whether package can be installed
Result: ERROR
Installation failed.
Flavor: r-oldrel-macos-x86_64