Last updated on 2020-09-17 02:08:28 CEST.
Flavor | Version | Tinstall | Tcheck | Ttotal | Status | Flags |
---|---|---|---|---|---|---|
r-devel-linux-x86_64-debian-clang | 1.4.3 | 5.86 | 176.54 | 182.40 | OK | |
r-devel-linux-x86_64-debian-gcc | 1.4.3 | 4.68 | 121.58 | 126.26 | OK | |
r-devel-linux-x86_64-fedora-clang | 1.4.3 | 231.51 | OK | |||
r-devel-linux-x86_64-fedora-gcc | 1.4.3 | 223.32 | OK | |||
r-devel-windows-ix86+x86_64 | 1.4.3 | 10.00 | 220.00 | 230.00 | OK | |
r-patched-linux-x86_64 | 1.4.3 | 6.00 | 167.68 | 173.68 | OK | |
r-patched-solaris-x86 | 1.4.3 | 230.60 | OK | |||
r-release-linux-x86_64 | 1.4.3 | 6.19 | 167.66 | 173.85 | OK | |
r-release-macos-x86_64 | 1.4.3 | OK | ||||
r-release-windows-ix86+x86_64 | 1.4.3 | 14.00 | 216.00 | 230.00 | OK | |
r-oldrel-macos-x86_64 | 1.4.3 | NOTE | ||||
r-oldrel-windows-ix86+x86_64 | 1.4.3 | 8.00 | 166.00 | 174.00 | OK |
Version: 1.4.3
Check: re-building of vignette outputs
Result: NOTE
Error(s) in re-building vignettes:
...
--- re-building ‘tsglm.Rnw’ using Sweave
Error: processing vignette 'tsglm.Rnw' failed with diagnostics:
Running 'texi2dvi' on 'tsglm.tex' failed.
LaTeX errors:
!pdfTeX error: pdflatex (file bbm10): Font bbm10 at 657 not found
==> Fatal error occurred, no output PDF file produced!
--- failed re-building 'tsglm.Rnw'
SUMMARY: processing the following file failed:
'tsglm.Rnw'
Error: Vignette re-building failed.
Execution halted
Flavor: r-oldrel-macos-x86_64