Last updated on 2020-09-17 02:08:28 CEST.
Flavor | Version | Tinstall | Tcheck | Ttotal | Status | Flags |
---|---|---|---|---|---|---|
r-devel-linux-x86_64-debian-clang | 2014.10-1 | 3.70 | 45.40 | 49.10 | NOTE | |
r-devel-linux-x86_64-debian-gcc | 2014.10-1 | 3.12 | 34.52 | 37.64 | NOTE | |
r-devel-linux-x86_64-fedora-clang | 2014.10-1 | 72.10 | NOTE | |||
r-devel-linux-x86_64-fedora-gcc | 2014.10-1 | 62.66 | NOTE | |||
r-devel-windows-ix86+x86_64 | 2014.10-1 | 8.00 | 66.00 | 74.00 | NOTE | |
r-patched-linux-x86_64 | 2014.10-1 | 3.97 | 44.24 | 48.21 | NOTE | |
r-patched-solaris-x86 | 2014.10-1 | 82.70 | NOTE | |||
r-release-linux-x86_64 | 2014.10-1 | 3.83 | 45.30 | 49.13 | NOTE | |
r-release-macos-x86_64 | 2014.10-1 | NOTE | ||||
r-release-windows-ix86+x86_64 | 2014.10-1 | 9.00 | 50.00 | 59.00 | NOTE | |
r-oldrel-macos-x86_64 | 2014.10-1 | NOTE | ||||
r-oldrel-windows-ix86+x86_64 | 2014.10-1 | 5.00 | 63.00 | 68.00 | NOTE |
Version: 2014.10-1
Check: R code for possible problems
Result: NOTE
DstandardizedLoadings.TSFmodel: no visible global function definition
for 'cov'
FAfitStats.TSFmodel: no visible global function definition for 'cov'
FAfitStats.default: no visible global function definition for 'cor'
FAfitStats.default: no visible global function definition for
'factanal'
FAfitStats.default: no visible global function definition for 'pchisq'
FAmodelFitStats: no visible global function definition for 'pchisq'
checkResiduals.TSFmodel: no visible global function definition for
'cov'
distribution.factorsEstEval: no visible global function definition for
'par'
distribution.factorsEstEval: no visible binding for global variable
'par'
distribution.factorsEstEval: no visible global function definition for
'density'
distribution.factorsEstEval: no visible global function definition for
'matplot'
distribution.factorsEstEval: no visible global function definition for
'title'
summary.TSFmodel: no visible global function definition for 'start'
summary.TSFmodel: no visible global function definition for 'end'
Undefined global functions or variables:
cor cov density end factanal matplot par pchisq start title
Consider adding
importFrom("graphics", "matplot", "par", "title")
importFrom("stats", "cor", "cov", "density", "end", "factanal",
"pchisq", "start")
to your NAMESPACE file.
Flavors: r-devel-linux-x86_64-debian-clang, r-devel-linux-x86_64-debian-gcc, r-devel-linux-x86_64-fedora-clang, r-devel-linux-x86_64-fedora-gcc, r-devel-windows-ix86+x86_64, r-patched-linux-x86_64, r-patched-solaris-x86, r-release-linux-x86_64, r-release-macos-x86_64, r-release-windows-ix86+x86_64, r-oldrel-macos-x86_64, r-oldrel-windows-ix86+x86_64