Last updated on 2020-09-17 02:08:29 CEST.
Flavor | Version | Tinstall | Tcheck | Ttotal | Status | Flags |
---|---|---|---|---|---|---|
r-devel-linux-x86_64-debian-clang | 1.0.4 | 2.64 | 20.02 | 22.66 | NOTE | |
r-devel-linux-x86_64-debian-gcc | 1.0.4 | 2.17 | 16.12 | 18.29 | NOTE | |
r-devel-linux-x86_64-fedora-clang | 1.0.4 | 39.97 | NOTE | |||
r-devel-linux-x86_64-fedora-gcc | 1.0.4 | 28.78 | NOTE | |||
r-devel-windows-ix86+x86_64 | 1.0.4 | 6.00 | 31.00 | 37.00 | NOTE | |
r-patched-linux-x86_64 | 1.0.4 | 2.62 | 19.86 | 22.48 | NOTE | |
r-patched-solaris-x86 | 1.0.4 | 47.70 | NOTE | |||
r-release-linux-x86_64 | 1.0.4 | 2.35 | 19.92 | 22.27 | NOTE | |
r-release-macos-x86_64 | 1.0.4 | NOTE | ||||
r-release-windows-ix86+x86_64 | 1.0.4 | 6.00 | 39.00 | 45.00 | NOTE | |
r-oldrel-macos-x86_64 | 1.0.4 | NOTE | ||||
r-oldrel-windows-ix86+x86_64 | 1.0.4 | 4.00 | 44.00 | 48.00 | NOTE |
Version: 1.0.4
Check: package dependencies
Result: NOTE
Packages suggested but not available for checking: 'vaers', 'vaersND'
Flavors: r-devel-linux-x86_64-debian-clang, r-devel-linux-x86_64-debian-gcc, r-devel-linux-x86_64-fedora-clang, r-devel-linux-x86_64-fedora-gcc, r-devel-windows-ix86+x86_64, r-patched-linux-x86_64, r-patched-solaris-x86, r-release-linux-x86_64, r-release-macos-x86_64, r-release-windows-ix86+x86_64, r-oldrel-macos-x86_64, r-oldrel-windows-ix86+x86_64