Last updated on 2020-09-17 02:08:29 CEST.
Flavor | Version | Tinstall | Tcheck | Ttotal | Status | Flags |
---|---|---|---|---|---|---|
r-devel-linux-x86_64-debian-clang | 0.3 | 3.59 | 151.71 | 155.30 | OK | |
r-devel-linux-x86_64-debian-gcc | 0.3 | 2.78 | 114.25 | 117.03 | OK | |
r-devel-linux-x86_64-fedora-clang | 0.3 | 198.36 | OK | |||
r-devel-linux-x86_64-fedora-gcc | 0.3 | 180.13 | OK | |||
r-devel-windows-ix86+x86_64 | 0.3 | 7.00 | 83.00 | 90.00 | OK | |
r-patched-linux-x86_64 | 0.3 | 2.99 | 144.35 | 147.34 | OK | |
r-patched-solaris-x86 | 0.3 | 567.80 | WARN | |||
r-release-linux-x86_64 | 0.3 | 3.18 | 145.04 | 148.22 | OK | |
r-release-macos-x86_64 | 0.3 | OK | ||||
r-release-windows-ix86+x86_64 | 0.3 | 6.00 | 75.00 | 81.00 | OK | |
r-oldrel-macos-x86_64 | 0.3 | OK | ||||
r-oldrel-windows-ix86+x86_64 | 0.3 | 5.00 | 104.00 | 109.00 | OK |
Version: 0.3
Check: package dependencies
Result: NOTE
Package suggested but not available for checking: ‘FSelector’
Flavor: r-patched-solaris-x86
Version: 0.3
Check: re-building of vignette outputs
Result: WARN
Error(s) in re-building vignettes:
...
--- re-building ‘varrank.Rmd’ using knitr
Loading required package: randomForest
randomForest 4.6-14
Type rfNews() to see new features/changes/bug fixes.
Attaching package: 'randomForest'
The following object is masked from 'package:ggplot2':
margin
Loading required package: parallel
Quitting from lines 122-125 (varrank.Rmd)
Error: processing vignette 'varrank.Rmd' failed with diagnostics:
there is no package called 'FSelector'
--- failed re-building ‘varrank.Rmd’
SUMMARY: processing the following file failed:
‘varrank.Rmd’
Error: Vignette re-building failed.
Execution halted
Flavor: r-patched-solaris-x86