CRAN Package Check Results for Package visNetwork

Last updated on 2020-09-17 02:08:29 CEST.

Flavor Version Tinstall Tcheck Ttotal Status Flags
r-devel-linux-x86_64-debian-clang 2.0.9 9.21 66.46 75.67 OK
r-devel-linux-x86_64-debian-gcc 2.0.9 8.35 50.77 59.12 OK
r-devel-linux-x86_64-fedora-clang 2.0.9 109.17 NOTE
r-devel-linux-x86_64-fedora-gcc 2.0.9 97.09 OK
r-devel-windows-ix86+x86_64 2.0.9 17.00 75.00 92.00 NOTE
r-patched-linux-x86_64 2.0.9 11.32 66.11 77.43 OK
r-patched-solaris-x86 2.0.9 112.30 WARN
r-release-linux-x86_64 2.0.9 11.21 66.13 77.34 OK
r-release-macos-x86_64 2.0.9 WARN
r-release-windows-ix86+x86_64 2.0.9 18.00 101.00 119.00 NOTE
r-oldrel-macos-x86_64 2.0.9 WARN
r-oldrel-windows-ix86+x86_64 2.0.9 11.00 94.00 105.00 NOTE

Check Details

Version: 2.0.9
Check: installed package size
Result: NOTE
     installed size is 11.2Mb
     sub-directories of 1Mb or more:
     doc 4.3Mb
     docjs 1.4Mb
     htmlwidgets 4.0Mb
Flavors: r-devel-linux-x86_64-fedora-clang, r-devel-windows-ix86+x86_64, r-patched-solaris-x86, r-release-macos-x86_64, r-release-windows-ix86+x86_64, r-oldrel-macos-x86_64, r-oldrel-windows-ix86+x86_64

Version: 2.0.9
Check: re-building of vignette outputs
Result: WARN
    Error(s) in re-building vignettes:
     ...
    --- re-building ‘Introduction-to-visNetwork.Rmd’ using rmarkdown
    Warning in engine$weave(file, quiet = quiet, encoding = enc) :
     Pandoc (>= 1.12.3) and/or pandoc-citeproc not available. Falling back to R Markdown v1.
    Quitting from lines 22-27 (Introduction-to-visNetwork.Rmd)
    Error: processing vignette 'Introduction-to-visNetwork.Rmd' failed with diagnostics:
    cannot open the connection
    --- failed re-building ‘Introduction-to-visNetwork.Rmd’
    
    SUMMARY: processing the following file failed:
     ‘Introduction-to-visNetwork.Rmd’
    
    Error: Vignette re-building failed.
    Execution halted
Flavors: r-patched-solaris-x86, r-release-macos-x86_64, r-oldrel-macos-x86_64

Version: 2.0.9
Check: package dependencies
Result: NOTE
    Package suggested but not available for checking: ‘igraph’
Flavor: r-release-macos-x86_64