CRAN Package Check Results for Package vizdraws

Last updated on 2020-09-17 02:08:29 CEST.

Flavor Version Tinstall Tcheck Ttotal Status Flags
r-devel-linux-x86_64-debian-clang 1.0.0 2.01 21.96 23.97 OK
r-devel-linux-x86_64-debian-gcc 1.0.0 1.87 17.61 19.48 OK
r-devel-linux-x86_64-fedora-clang 1.0.0 40.53 NOTE
r-devel-linux-x86_64-fedora-gcc 1.0.0 29.98 NOTE
r-devel-windows-ix86+x86_64 1.0.0 6.00 30.00 36.00 OK
r-patched-linux-x86_64 1.0.0 2.28 21.72 24.00 OK
r-patched-solaris-x86 1.0.0 47.80 NOTE
r-release-linux-x86_64 1.0.0 2.30 21.77 24.07 OK
r-release-macos-x86_64 1.0.0 NOTE
r-release-windows-ix86+x86_64 1.0.0 6.00 40.00 46.00 OK
r-oldrel-macos-x86_64 1.0.0 NOTE
r-oldrel-windows-ix86+x86_64 1.0.0 20.00 40.00 60.00 OK

Check Details

Version: 1.0.0
Check: dependencies in R code
Result: NOTE
    Namespaces in Imports field not imported from:
     ‘glue’ ‘tidyr’
     All declared Imports should be used.
Flavors: r-devel-linux-x86_64-fedora-clang, r-devel-linux-x86_64-fedora-gcc, r-patched-solaris-x86, r-release-macos-x86_64, r-oldrel-macos-x86_64