CRAN Package Check Results for Package vows

Last updated on 2020-09-17 02:08:29 CEST.

Flavor Version Tinstall Tcheck Ttotal Status Flags
r-devel-linux-x86_64-debian-clang 0.5 11.45 85.65 97.10 OK
r-devel-linux-x86_64-debian-gcc 0.5 8.58 65.23 73.81 OK
r-devel-linux-x86_64-fedora-clang 0.5 132.46 NOTE
r-devel-linux-x86_64-fedora-gcc 0.5 123.54 OK
r-devel-windows-ix86+x86_64 0.5 27.00 112.00 139.00 OK
r-patched-linux-x86_64 0.5 10.25 82.82 93.07 OK
r-patched-solaris-x86 0.5 176.70 OK
r-release-linux-x86_64 0.5 10.69 83.03 93.72 OK
r-release-macos-x86_64 0.5 OK
r-release-windows-ix86+x86_64 0.5 23.00 82.00 105.00 OK
r-oldrel-macos-x86_64 0.5 OK
r-oldrel-windows-ix86+x86_64 0.5 15.00 109.00 124.00 OK

Check Details

Version: 0.5
Check: Rd cross-references
Result: NOTE
    Undeclared package ‘lme4’ in Rd xrefs
Flavor: r-devel-linux-x86_64-fedora-clang