CRAN Package Check Results for Package vroom

Last updated on 2020-09-17 02:08:29 CEST.

Flavor Version Tinstall Tcheck Ttotal Status Flags
r-devel-linux-x86_64-debian-clang 1.3.1 93.49 75.70 169.19 OK
r-devel-linux-x86_64-debian-gcc 1.3.1 81.37 57.91 139.28 OK
r-devel-linux-x86_64-fedora-clang 1.3.1 249.22 NOTE
r-devel-linux-x86_64-fedora-gcc 1.3.1 240.72 OK
r-devel-windows-ix86+x86_64 1.3.1 248.00 120.00 368.00 OK
r-patched-linux-x86_64 1.3.1 90.24 75.05 165.29 OK
r-patched-solaris-x86 1.3.1 224.20 WARN
r-release-linux-x86_64 1.3.1 87.21 73.43 160.64 OK
r-release-macos-x86_64 1.3.1 NOTE
r-release-windows-ix86+x86_64 1.3.1 242.00 152.00 394.00 OK
r-oldrel-macos-x86_64 1.3.1 NOTE
r-oldrel-windows-ix86+x86_64 1.3.1 245.00 154.00 399.00 OK

Check Details

Version: 1.3.1
Check: installed package size
Result: NOTE
     installed size is 10.0Mb
     sub-directories of 1Mb or more:
     libs 8.3Mb
Flavors: r-devel-linux-x86_64-fedora-clang, r-release-macos-x86_64, r-oldrel-macos-x86_64

Version: 1.3.1
Check: for unstated dependencies in ‘tests’
Result: WARN
    Warning in deparse(e[[2L]]) :
     it is not known that wchar_t is Unicode on this platform
    Warning in deparse(e[[2L]]) :
     it is not known that wchar_t is Unicode on this platform
Flavor: r-patched-solaris-x86