CRAN Package Check Results for Package wactor

Last updated on 2020-09-17 02:08:29 CEST.

Flavor Version Tinstall Tcheck Ttotal Status Flags
r-devel-linux-x86_64-debian-clang 0.0.1 3.36 36.63 39.99 OK
r-devel-linux-x86_64-debian-gcc 0.0.1 2.60 27.80 30.40 OK
r-devel-linux-x86_64-fedora-clang 0.0.1 59.74 NOTE
r-devel-linux-x86_64-fedora-gcc 0.0.1 48.07 NOTE
r-devel-windows-ix86+x86_64 0.0.1 7.00 47.00 54.00 OK
r-patched-linux-x86_64 0.0.1 3.13 35.66 38.79 OK
r-patched-solaris-x86 0.0.1 69.90 NOTE
r-release-linux-x86_64 0.0.1 3.36 34.87 38.23 OK
r-release-macos-x86_64 0.0.1 NOTE
r-release-windows-ix86+x86_64 0.0.1 9.00 49.00 58.00 OK
r-oldrel-macos-x86_64 0.0.1 NOTE
r-oldrel-windows-ix86+x86_64 0.0.1 16.00 58.00 74.00 OK

Check Details

Version: 0.0.1
Check: dependencies in R code
Result: NOTE
    Namespaces in Imports field not imported from:
     ‘Matrix’ ‘R6’
     All declared Imports should be used.
Flavors: r-devel-linux-x86_64-fedora-clang, r-devel-linux-x86_64-fedora-gcc, r-patched-solaris-x86, r-release-macos-x86_64, r-oldrel-macos-x86_64