CRAN Package Check Results for Package zdeskR

Last updated on 2020-09-17 02:08:30 CEST.

Flavor Version Tinstall Tcheck Ttotal Status Flags
r-devel-linux-x86_64-debian-clang 0.0.1 4.12 35.83 39.95 OK
r-devel-linux-x86_64-debian-gcc 0.0.1 3.53 27.26 30.79 OK
r-devel-linux-x86_64-fedora-clang 0.0.1 62.77 NOTE
r-devel-linux-x86_64-fedora-gcc 0.0.1 51.07 NOTE
r-devel-windows-ix86+x86_64 0.0.1 12.00 46.00 58.00 OK
r-patched-linux-x86_64 0.0.1 4.05 34.88 38.93 OK
r-patched-solaris-x86 0.0.1 70.10 NOTE
r-release-linux-x86_64 0.0.1 3.91 34.40 38.31 OK
r-release-macos-x86_64 0.0.1 NOTE
r-release-windows-ix86+x86_64 0.0.1 12.00 48.00 60.00 OK
r-oldrel-macos-x86_64 0.0.1 NOTE
r-oldrel-windows-ix86+x86_64 0.0.1 19.00 58.00 77.00 OK

Check Details

Version: 0.0.1
Check: dependencies in R code
Result: NOTE
    Namespaces in Imports field not imported from:
     ‘tibble’ ‘tidyselect’
     All declared Imports should be used.
Flavors: r-devel-linux-x86_64-fedora-clang, r-devel-linux-x86_64-fedora-gcc, r-patched-solaris-x86, r-release-macos-x86_64, r-oldrel-macos-x86_64