Last updated on 2020-09-17 02:08:30 CEST.
Flavor | Version | Tinstall | Tcheck | Ttotal | Status | Flags |
---|---|---|---|---|---|---|
r-devel-linux-x86_64-debian-clang | 1.0.2 | 33.12 | 138.21 | 171.33 | OK | |
r-devel-linux-x86_64-debian-gcc | 1.0.2 | 24.63 | 119.82 | 144.45 | OK | |
r-devel-linux-x86_64-fedora-clang | 1.0.2 | 319.81 | NOTE | |||
r-devel-linux-x86_64-fedora-gcc | 1.0.2 | 314.37 | NOTE | |||
r-devel-windows-ix86+x86_64 | 1.0.2 | 70.00 | 280.00 | 350.00 | OK | |
r-patched-linux-x86_64 | 1.0.2 | 31.94 | 137.54 | 169.48 | OK | |
r-patched-solaris-x86 | 1.0.2 | 427.40 | OK | |||
r-release-linux-x86_64 | 1.0.2 | 35.58 | 139.20 | 174.78 | OK | |
r-release-macos-x86_64 | 1.0.2 | OK | ||||
r-release-windows-ix86+x86_64 | 1.0.2 | 67.00 | 282.00 | 349.00 | OK | |
r-oldrel-macos-x86_64 | 1.0.2 | FAIL | ||||
r-oldrel-windows-ix86+x86_64 | 1.0.2 | 74.00 | 240.00 | 314.00 | OK |
Version: 1.0.2
Check: R code for possible problems
Result: NOTE
Possibly missing '()' after 'return' in the following functions:
‘getdata’ ‘getstd’
Flavors: r-devel-linux-x86_64-fedora-clang, r-devel-linux-x86_64-fedora-gcc
Version: 1.0.2
Check: whether package can be installed
Result: FAIL
Flavor: r-oldrel-macos-x86_64