CRAN Package Check Results for Package ADMM

Last updated on 2020-10-11 01:47:15 CEST.

Flavor Version Tinstall Tcheck Ttotal Status Flags
r-devel-linux-x86_64-debian-clang 0.3.2 75.09 68.51 143.60 OK
r-devel-linux-x86_64-debian-gcc 0.3.2 58.83 52.92 111.75 OK
r-devel-linux-x86_64-fedora-clang 0.3.2 213.38 NOTE
r-devel-linux-x86_64-fedora-gcc 0.3.2 181.98 OK
r-devel-windows-ix86+x86_64 0.3.2 163.00 138.00 301.00 OK
r-patched-linux-x86_64 0.3.2 67.59 64.11 131.70 OK
r-patched-solaris-x86 0.3.2 197.90 OK
r-release-linux-x86_64 0.3.2 63.80 64.16 127.96 OK
r-release-macos-x86_64 0.3.2 NOTE
r-release-windows-ix86+x86_64 0.3.2 129.00 99.00 228.00 OK
r-oldrel-macos-x86_64 0.3.2 NOTE
r-oldrel-windows-ix86+x86_64 0.3.2 142.00 122.00 264.00 OK

Check Details

Version: 0.3.2
Check: installed package size
Result: NOTE
     installed size is 6.7Mb
     sub-directories of 1Mb or more:
     libs 6.5Mb
Flavors: r-devel-linux-x86_64-fedora-clang, r-release-macos-x86_64, r-oldrel-macos-x86_64