Last updated on 2020-10-11 01:47:15 CEST.
Flavor | Version | Tinstall | Tcheck | Ttotal | Status | Flags |
---|---|---|---|---|---|---|
r-devel-linux-x86_64-debian-clang | 2.1 | 79.40 | 59.46 | 138.86 | OK | |
r-devel-linux-x86_64-debian-gcc | 2.1 | 60.43 | 45.86 | 106.29 | OK | |
r-devel-linux-x86_64-fedora-clang | 2.1 | 193.50 | OK | |||
r-devel-linux-x86_64-fedora-gcc | 2.1 | 178.07 | OK | |||
r-devel-windows-ix86+x86_64 | 2.1 | 193.00 | 143.00 | 336.00 | OK | |
r-patched-linux-x86_64 | 2.1 | 69.22 | 56.18 | 125.40 | OK | |
r-patched-solaris-x86 | 2.1 | 211.90 | NOTE | |||
r-release-linux-x86_64 | 2.1 | 75.44 | 56.66 | 132.10 | OK | |
r-release-macos-x86_64 | 2.1 | OK | ||||
r-release-windows-ix86+x86_64 | 2.1 | 157.00 | 133.00 | 290.00 | OK | |
r-oldrel-macos-x86_64 | 2.1 | OK | ||||
r-oldrel-windows-ix86+x86_64 | 2.1 | 169.00 | 139.00 | 308.00 | OK |
Version: 2.1
Check: package dependencies
Result: NOTE
Package suggested but not available for checking: ‘pkgdown’
Flavor: r-patched-solaris-x86