CRAN Package Check Results for Package AER

Last updated on 2020-10-11 01:47:15 CEST.

Flavor Version Tinstall Tcheck Ttotal Status Flags
r-devel-linux-x86_64-debian-clang 1.2-9 12.44 294.55 306.99 OK
r-devel-linux-x86_64-debian-gcc 1.2-9 9.90 221.83 231.73 OK
r-devel-linux-x86_64-fedora-clang 1.2-9 371.42 OK
r-devel-linux-x86_64-fedora-gcc 1.2-9 391.84 OK
r-devel-windows-ix86+x86_64 1.2-9 29.00 415.00 444.00 OK
r-patched-linux-x86_64 1.2-9 10.32 279.82 290.14 OK
r-patched-solaris-x86 1.2-9 537.70 OK
r-release-linux-x86_64 1.2-9 11.95 278.64 290.59 OK
r-release-macos-x86_64 1.2-9 OK
r-release-windows-ix86+x86_64 1.2-9 22.00 363.00 385.00 OK
r-oldrel-macos-x86_64 1.2-9 OK
r-oldrel-windows-ix86+x86_64 1.2-9 3.00 9.00 12.00 ERROR

Check Details

Version: 1.2-9
Check: whether package can be installed
Result: ERROR
    Installation failed.
Flavor: r-oldrel-windows-ix86+x86_64