Last updated on 2020-10-11 01:47:15 CEST.
Flavor | Version | Tinstall | Tcheck | Ttotal | Status | Flags |
---|---|---|---|---|---|---|
r-devel-linux-x86_64-debian-clang | 1.4.0 | 22.82 | 185.02 | 207.84 | OK | |
r-devel-linux-x86_64-debian-gcc | 1.4.0 | 19.45 | 145.04 | 164.49 | OK | |
r-devel-linux-x86_64-fedora-clang | 1.4.0 | 278.59 | NOTE | |||
r-devel-linux-x86_64-fedora-gcc | 1.4.0 | 138.13 | OK | |||
r-devel-windows-ix86+x86_64 | 1.4.0 | 54.00 | 246.00 | 300.00 | NOTE | |
r-patched-linux-x86_64 | 1.4.0 | 25.01 | 174.10 | 199.11 | OK | |
r-patched-solaris-x86 | 1.4.0 | 319.00 | NOTE | |||
r-release-linux-x86_64 | 1.4.0 | 22.93 | 173.77 | 196.70 | OK | |
r-release-macos-x86_64 | 1.4.0 | NOTE | ||||
r-release-windows-ix86+x86_64 | 1.4.0 | 53.00 | 248.00 | 301.00 | NOTE | |
r-oldrel-macos-x86_64 | 1.4.0 | NOTE | ||||
r-oldrel-windows-ix86+x86_64 | 1.3.0 | 41.00 | 181.00 | 222.00 | NOTE |
Version: 1.4.0
Check: installed package size
Result: NOTE
installed size is 5.2Mb
sub-directories of 1Mb or more:
R 1.1Mb
data 3.3Mb
Flavors: r-devel-linux-x86_64-fedora-clang, r-devel-windows-ix86+x86_64, r-patched-solaris-x86, r-release-macos-x86_64, r-release-windows-ix86+x86_64, r-oldrel-macos-x86_64
Version: 1.3.0
Check: installed package size
Result: NOTE
installed size is 5.1Mb
sub-directories of 1Mb or more:
data 3.2Mb
Flavor: r-oldrel-windows-ix86+x86_64