Last updated on 2020-10-11 01:47:15 CEST.
Flavor | Version | Tinstall | Tcheck | Ttotal | Status | Flags |
---|---|---|---|---|---|---|
r-devel-linux-x86_64-debian-clang | 2.3.3 | 488.77 | 69.52 | 558.29 | OK | |
r-devel-linux-x86_64-debian-gcc | 2.3.3 | 378.27 | 52.95 | 431.22 | OK | |
r-devel-linux-x86_64-fedora-clang | 2.3.3 | 956.84 | NOTE | |||
r-devel-linux-x86_64-fedora-gcc | 2.3.3 | 808.54 | OK | |||
r-devel-windows-ix86+x86_64 | 2.3.3 | 922.00 | 141.00 | 1063.00 | NOTE | |
r-patched-linux-x86_64 | 2.3.3 | 449.22 | 60.29 | 509.51 | OK | |
r-patched-solaris-x86 | 2.3.3 | 480.60 | OK | |||
r-release-linux-x86_64 | 2.3.3 | 440.58 | 61.42 | 502.00 | OK | |
r-release-macos-x86_64 | 2.3.3 | NOTE | ||||
r-release-windows-ix86+x86_64 | 2.3.3 | 701.00 | 135.00 | 836.00 | NOTE | |
r-oldrel-macos-x86_64 | 2.3.3 | NOTE | ||||
r-oldrel-windows-ix86+x86_64 | 2.3.3 | 836.00 | 95.00 | 931.00 | NOTE |
Version: 2.3.3
Check: installed package size
Result: NOTE
installed size is 63.8Mb
sub-directories of 1Mb or more:
cereal 1.4Mb
libs 62.2Mb
Flavors: r-devel-linux-x86_64-fedora-clang, r-devel-windows-ix86+x86_64, r-release-macos-x86_64, r-release-windows-ix86+x86_64, r-oldrel-macos-x86_64, r-oldrel-windows-ix86+x86_64