Last updated on 2020-10-11 01:47:15 CEST.
Flavor | Version | Tinstall | Tcheck | Ttotal | Status | Flags |
---|---|---|---|---|---|---|
r-devel-linux-x86_64-debian-clang | 2.3.0 | 107.87 | 130.25 | 238.12 | OK | |
r-devel-linux-x86_64-debian-gcc | 2.3.0 | 92.79 | 98.35 | 191.14 | OK | |
r-devel-linux-x86_64-fedora-clang | 2.3.0 | 331.76 | NOTE | |||
r-devel-linux-x86_64-fedora-gcc | 2.3.0 | 338.51 | NOTE | |||
r-devel-windows-ix86+x86_64 | 2.3.0 | 274.00 | 236.00 | 510.00 | OK | |
r-patched-linux-x86_64 | 2.3.0 | 114.67 | 120.87 | 235.54 | OK | |
r-patched-solaris-x86 | 2.3.0 | 335.20 | NOTE | |||
r-release-linux-x86_64 | 2.3.0 | 108.45 | 121.08 | 229.53 | OK | |
r-release-macos-x86_64 | 2.3.0 | NOTE | ||||
r-release-windows-ix86+x86_64 | 2.3.0 | 208.00 | 205.00 | 413.00 | OK | |
r-oldrel-macos-x86_64 | 2.3.0 | NOTE | ||||
r-oldrel-windows-ix86+x86_64 | 2.3.0 | 237.00 | 220.00 | 457.00 | OK |
Version: 2.3.0
Check: dependencies in R code
Result: NOTE
Namespace in Imports field not imported from: ‘stats4’
All declared Imports should be used.
Flavors: r-devel-linux-x86_64-fedora-clang, r-devel-linux-x86_64-fedora-gcc, r-patched-solaris-x86, r-release-macos-x86_64
Version: 2.3.0
Check: dependencies in R code
Result: NOTE
No protocol specified
No protocol specified
Namespace in Imports field not imported from: ‘stats4’
All declared Imports should be used.
Flavor: r-oldrel-macos-x86_64