CRAN Package Check Results for Package BBcor

Last updated on 2020-10-11 01:47:16 CEST.

Flavor Version Tinstall Tcheck Ttotal Status Flags
r-devel-linux-x86_64-debian-clang 1.0.0 2.43 32.67 35.10 OK
r-devel-linux-x86_64-debian-gcc 1.0.0 2.30 25.16 27.46 OK
r-devel-linux-x86_64-fedora-clang 1.0.0 50.05 OK
r-devel-linux-x86_64-fedora-gcc 1.0.0 41.46 OK
r-devel-windows-ix86+x86_64 1.0.0 7.00 45.00 52.00 OK
r-patched-linux-x86_64 1.0.0 2.84 30.86 33.70 OK
r-patched-solaris-x86 1.0.0 77.90 OK
r-release-linux-x86_64 1.0.0 2.99 30.64 33.63 OK
r-release-macos-x86_64 1.0.0 OK
r-release-windows-ix86+x86_64 1.0.0 5.00 44.00 49.00 OK
r-oldrel-macos-x86_64 1.0.0 ERROR

Check Details

Version: 1.0.0
Check: whether package can be installed
Result: ERROR
    Installation failed.
Flavor: r-oldrel-macos-x86_64