CRAN Package Check Results for Package BIFIEsurvey

Last updated on 2020-10-11 01:47:16 CEST.

Flavor Version Tinstall Tcheck Ttotal Status Flags
r-devel-linux-x86_64-debian-clang 3.3-12 158.15 90.13 248.28 OK
r-devel-linux-x86_64-debian-gcc 3.3-12 128.32 67.19 195.51 OK
r-devel-linux-x86_64-fedora-clang 3.3-12 346.30 NOTE
r-devel-linux-x86_64-fedora-gcc 3.3-12 356.19 OK
r-devel-windows-ix86+x86_64 3.3-12 368.00 153.00 521.00 NOTE
r-patched-linux-x86_64 3.3-12 140.81 82.94 223.75 OK
r-patched-solaris-x86 3.3-12 296.70 OK
r-release-linux-x86_64 3.3-12 143.15 82.91 226.06 OK
r-release-macos-x86_64 3.3-12 NOTE
r-release-windows-ix86+x86_64 3.3-12 282.00 138.00 420.00 NOTE
r-oldrel-macos-x86_64 3.3-12 NOTE
r-oldrel-windows-ix86+x86_64 3.3-12 325.00 109.00 434.00 OK

Check Details

Version: 3.3-12
Check: installed package size
Result: NOTE
     installed size is 13.0Mb
     sub-directories of 1Mb or more:
     data 1.4Mb
     libs 11.1Mb
Flavors: r-devel-linux-x86_64-fedora-clang, r-devel-windows-ix86+x86_64, r-release-macos-x86_64, r-release-windows-ix86+x86_64, r-oldrel-macos-x86_64