Last updated on 2020-10-11 01:47:17 CEST.
Flavor | Version | Tinstall | Tcheck | Ttotal | Status | Flags |
---|---|---|---|---|---|---|
r-devel-linux-x86_64-debian-clang | 1.0.1 | 31.62 | 482.26 | 513.88 | OK | |
r-devel-linux-x86_64-debian-gcc | 1.0.1 | 23.27 | 268.32 | 291.59 | OK | |
r-devel-linux-x86_64-fedora-clang | 1.0.1 | 534.25 | NOTE | |||
r-devel-linux-x86_64-fedora-gcc | 1.0.1 | 496.46 | NOTE | |||
r-devel-windows-ix86+x86_64 | 1.0.1 | 65.00 | 426.00 | 491.00 | OK | --no-vignettes |
r-patched-linux-x86_64 | 1.0.1 | 27.73 | 366.16 | 393.89 | OK | |
r-patched-solaris-x86 | 1.0.1 | 760.00 | OK | |||
r-release-linux-x86_64 | 1.0.1 | 31.22 | 366.55 | 397.77 | OK | |
r-release-macos-x86_64 | 1.0.1 | OK | ||||
r-release-windows-ix86+x86_64 | 1.0.1 | 51.00 | 505.00 | 556.00 | OK | --no-vignettes |
r-oldrel-macos-x86_64 | 1.0.1 | OK | ||||
r-oldrel-windows-ix86+x86_64 | 1.0.1 | 58.00 | 436.00 | 494.00 | OK | --no-vignettes |
Version: 1.0.1
Check: compiled code
Result: NOTE
File ‘BTYDplus/libs/BTYDplus.so’:
Found no calls to: ‘R_registerRoutines’, ‘R_useDynamicSymbols’
It is good practice to register native routines and to disable symbol
search.
See ‘Writing portable packages’ in the ‘Writing R Extensions’ manual.
Flavors: r-devel-linux-x86_64-fedora-clang, r-devel-linux-x86_64-fedora-gcc