CRAN Package Check Results for Package BenfordTests

Last updated on 2020-10-11 01:47:16 CEST.

Flavor Version Tinstall Tcheck Ttotal Status Flags
r-devel-linux-x86_64-debian-clang 1.2.0 3.80 23.96 27.76 OK
r-devel-linux-x86_64-debian-gcc 1.2.0 2.66 19.18 21.84 OK
r-devel-linux-x86_64-fedora-clang 1.2.0 43.33 NOTE
r-devel-linux-x86_64-fedora-gcc 1.2.0 36.50 NOTE
r-devel-windows-ix86+x86_64 1.2.0 8.00 37.00 45.00 OK
r-patched-linux-x86_64 1.2.0 3.07 23.48 26.55 OK
r-patched-solaris-x86 1.2.0 48.50 OK
r-release-linux-x86_64 1.2.0 3.42 23.58 27.00 OK
r-release-macos-x86_64 1.2.0 OK
r-release-windows-ix86+x86_64 1.2.0 10.00 43.00 53.00 OK
r-oldrel-macos-x86_64 1.2.0 OK
r-oldrel-windows-ix86+x86_64 1.2.0 8.00 59.00 67.00 OK

Check Details

Version: 1.2.0
Check: compiled code
Result: NOTE
    File ‘BenfordTests/libs/BenfordTests.so’:
     Found no calls to: ‘R_registerRoutines’, ‘R_useDynamicSymbols’
    
    It is good practice to register native routines and to disable symbol
    search.
    
    See ‘Writing portable packages’ in the ‘Writing R Extensions’ manual.
Flavors: r-devel-linux-x86_64-fedora-clang, r-devel-linux-x86_64-fedora-gcc