CRAN Package Check Results for Package CIMTx

Last updated on 2020-10-11 01:47:17 CEST.

Flavor Version Tinstall Tcheck Ttotal Status Flags
r-devel-linux-x86_64-debian-clang 0.2.0 7.18 58.51 65.69 OK
r-devel-linux-x86_64-debian-gcc 0.2.0 5.17 43.62 48.79 OK
r-devel-linux-x86_64-fedora-clang 0.2.0 85.48 NOTE
r-devel-linux-x86_64-fedora-gcc 0.2.0 81.23 NOTE
r-devel-windows-ix86+x86_64 0.2.0 14.00 83.00 97.00 OK
r-patched-linux-x86_64 0.2.0 4.52 55.67 60.19 OK
r-patched-solaris-x86 0.2.0 104.90 NOTE
r-release-linux-x86_64 0.2.0 5.21 55.48 60.69 OK
r-release-macos-x86_64 0.2.0 NOTE
r-release-windows-ix86+x86_64 0.2.0 11.00 77.00 88.00 OK
r-oldrel-macos-x86_64 0.2.0 NOTE
r-oldrel-windows-ix86+x86_64 0.2.0 11.00 80.00 91.00 OK

Check Details

Version: 0.2.0
Check: dependencies in R code
Result: NOTE
    Namespaces in Imports field not imported from:
     ‘class’ ‘dbarts’ ‘gam’ ‘tidyr’ ‘twang’
     All declared Imports should be used.
Flavors: r-devel-linux-x86_64-fedora-clang, r-devel-linux-x86_64-fedora-gcc, r-patched-solaris-x86, r-release-macos-x86_64, r-oldrel-macos-x86_64