CRAN Package Check Results for Package CRANsearcher

Last updated on 2020-10-11 01:47:18 CEST.

Flavor Version Tinstall Tcheck Ttotal Status Flags
r-devel-linux-x86_64-debian-clang 1.0.0 6.91 49.67 56.58 OK
r-devel-linux-x86_64-debian-gcc 1.0.0 6.17 37.62 43.79 OK
r-devel-linux-x86_64-fedora-clang 1.0.0 77.45 NOTE
r-devel-linux-x86_64-fedora-gcc 1.0.0 69.47 NOTE
r-devel-windows-ix86+x86_64 1.0.0 17.00 67.00 84.00 OK
r-patched-linux-x86_64 1.0.0 6.69 45.32 52.01 OK
r-patched-solaris-x86 1.0.0 99.90 NOTE
r-release-linux-x86_64 1.0.0 6.16 45.04 51.20 OK
r-release-macos-x86_64 1.0.0 NOTE
r-release-windows-ix86+x86_64 1.0.0 15.00 61.00 76.00 OK
r-oldrel-macos-x86_64 1.0.0 NOTE
r-oldrel-windows-ix86+x86_64 1.0.0 14.00 49.00 63.00 OK

Check Details

Version: 1.0.0
Check: data for non-ASCII characters
Result: NOTE
     Note: found 11 marked Latin-1 strings
     Note: found 57 marked UTF-8 strings
Flavors: r-devel-linux-x86_64-fedora-clang, r-devel-linux-x86_64-fedora-gcc, r-patched-solaris-x86, r-release-macos-x86_64, r-oldrel-macos-x86_64