Last updated on 2020-10-11 01:47:18 CEST.
Flavor | Version | Tinstall | Tcheck | Ttotal | Status | Flags |
---|---|---|---|---|---|---|
r-devel-linux-x86_64-debian-clang | 2.3.3 | 2.37 | 24.77 | 27.14 | NOTE | |
r-devel-linux-x86_64-debian-gcc | 2.3.3 | 2.10 | 19.45 | 21.55 | NOTE | |
r-devel-linux-x86_64-fedora-clang | 2.3.3 | 42.20 | NOTE | |||
r-devel-linux-x86_64-fedora-gcc | 2.3.3 | 35.80 | NOTE | |||
r-devel-windows-ix86+x86_64 | 2.3.3 | 5.00 | 30.00 | 35.00 | OK | |
r-patched-linux-x86_64 | 2.3.3 | 2.69 | 23.66 | 26.35 | NOTE | |
r-patched-solaris-x86 | 2.3.3 | 48.50 | NOTE | |||
r-release-linux-x86_64 | 2.3.3 | 2.81 | 23.96 | 26.77 | NOTE | |
r-release-macos-x86_64 | 2.3.3 | OK | ||||
r-release-windows-ix86+x86_64 | 2.3.3 | 6.00 | 32.00 | 38.00 | OK | |
r-oldrel-macos-x86_64 | 2.3.3 | OK | ||||
r-oldrel-windows-ix86+x86_64 | 2.3.3 | 7.00 | 46.00 | 53.00 | OK |
Version: 2.3.3
Check: for non-standard things in the check directory
Result: NOTE
Found the following files/directories:
'Hello.csv'
Flavors: r-devel-linux-x86_64-debian-clang, r-devel-linux-x86_64-debian-gcc, r-devel-linux-x86_64-fedora-clang, r-devel-linux-x86_64-fedora-gcc, r-patched-linux-x86_64, r-patched-solaris-x86, r-release-linux-x86_64