CRAN Package Check Results for Package CaPO4Sim

Last updated on 2020-10-11 01:47:17 CEST.

Flavor Version Tinstall Tcheck Ttotal Status Flags
r-devel-linux-x86_64-debian-clang 0.1.0 5.40 40.42 45.82 OK
r-devel-linux-x86_64-debian-gcc 0.1.0 4.94 32.00 36.94 OK
r-devel-linux-x86_64-fedora-clang 0.1.0 67.72 NOTE
r-devel-linux-x86_64-fedora-gcc 0.1.0 55.18 NOTE
r-devel-windows-ix86+x86_64 0.1.0 14.00 61.00 75.00 OK
r-patched-linux-x86_64 0.1.0 6.51 38.97 45.48 OK
r-patched-solaris-x86 0.1.0 78.90 NOTE
r-release-linux-x86_64 0.1.0 7.02 39.00 46.02 OK
r-release-macos-x86_64 0.1.0 NOTE
r-release-windows-ix86+x86_64 0.1.0 11.00 42.00 53.00 OK
r-oldrel-macos-x86_64 0.1.0 NOTE
r-oldrel-windows-ix86+x86_64 0.1.0 12.00 56.00 68.00 OK

Check Details

Version: 0.1.0
Check: dependencies in R code
Result: NOTE
    Namespace in Imports field not imported from: ‘htmltools’
     All declared Imports should be used.
Flavors: r-devel-linux-x86_64-fedora-clang, r-devel-linux-x86_64-fedora-gcc, r-patched-solaris-x86, r-release-macos-x86_64, r-oldrel-macos-x86_64