Last updated on 2020-10-11 01:47:17 CEST.
Flavor | Version | Tinstall | Tcheck | Ttotal | Status | Flags |
---|---|---|---|---|---|---|
r-devel-linux-x86_64-debian-clang | 0.1.1 | 2.68 | 27.29 | 29.97 | OK | |
r-devel-linux-x86_64-debian-gcc | 0.1.1 | 2.08 | 21.44 | 23.52 | OK | |
r-devel-linux-x86_64-fedora-clang | 0.1.1 | 46.13 | NOTE | |||
r-devel-linux-x86_64-fedora-gcc | 0.1.1 | 38.18 | NOTE | |||
r-devel-windows-ix86+x86_64 | 0.1.1 | 5.00 | 36.00 | 41.00 | OK | |
r-patched-linux-x86_64 | 0.1.1 | 2.20 | 25.90 | 28.10 | OK | |
r-patched-solaris-x86 | 0.1.1 | 53.80 | NOTE | |||
r-release-linux-x86_64 | 0.1.1 | 2.80 | 26.05 | 28.85 | OK | |
r-release-macos-x86_64 | 0.1.1 | NOTE | ||||
r-release-windows-ix86+x86_64 | 0.1.1 | 4.00 | 49.00 | 53.00 | OK | |
r-oldrel-macos-x86_64 | 0.1.1 | NOTE | ||||
r-oldrel-windows-ix86+x86_64 | 0.1.1 | 5.00 | 31.00 | 36.00 | OK |
Version: 0.1.1
Check: dependencies in R code
Result: NOTE
Namespace in Imports field not imported from: ‘Matrix’
All declared Imports should be used.
Flavors: r-devel-linux-x86_64-fedora-clang, r-devel-linux-x86_64-fedora-gcc, r-patched-solaris-x86, r-release-macos-x86_64, r-oldrel-macos-x86_64