CRAN Package Check Results for Package DAMisc

Last updated on 2020-10-11 01:47:18 CEST.

Flavor Version Tinstall Tcheck Ttotal Status Flags
r-devel-linux-x86_64-debian-clang 1.6.1 39.19 311.19 350.38 OK
r-devel-linux-x86_64-debian-gcc 1.6.1 31.96 239.02 270.98 OK
r-devel-linux-x86_64-fedora-clang 1.6.1 432.39 NOTE
r-devel-linux-x86_64-fedora-gcc 1.6.1 465.33 NOTE
r-devel-windows-ix86+x86_64 1.6.1 77.00 369.00 446.00 OK
r-patched-linux-x86_64 1.6.1 30.92 292.59 323.51 OK
r-patched-solaris-x86 1.6.1 567.90 NOTE
r-release-linux-x86_64 1.6.1 27.02 290.99 318.01 OK
r-release-macos-x86_64 1.6.1 NOTE
r-release-windows-ix86+x86_64 1.6.1 63.00 330.00 393.00 OK
r-oldrel-macos-x86_64 1.6.1 NOTE
r-oldrel-windows-ix86+x86_64 1.6.1 66.00 354.00 420.00 OK

Check Details

Version: 1.6.1
Check: package dependencies
Result: NOTE
    Imports includes 28 non-default packages.
    Importing from so many packages makes the package vulnerable to any of
    them becoming unavailable. Move as many as possible to Suggests and
    use conditionally.
Flavor: r-devel-linux-x86_64-fedora-clang

Version: 1.6.1
Check: dependencies in R code
Result: NOTE
    Namespace in Imports field not imported from: ‘gamlss’
     All declared Imports should be used.
Flavors: r-devel-linux-x86_64-fedora-clang, r-devel-linux-x86_64-fedora-gcc, r-patched-solaris-x86, r-release-macos-x86_64, r-oldrel-macos-x86_64