Last updated on 2020-10-11 01:47:18 CEST.
Flavor | Version | Tinstall | Tcheck | Ttotal | Status | Flags |
---|---|---|---|---|---|---|
r-devel-linux-x86_64-debian-clang | 1.1.0 | 3.59 | 30.47 | 34.06 | OK | |
r-devel-linux-x86_64-debian-gcc | 1.1.0 | 2.58 | 24.07 | 26.65 | OK | |
r-devel-linux-x86_64-fedora-clang | 1.1.0 | 52.04 | NOTE | |||
r-devel-linux-x86_64-fedora-gcc | 1.1.0 | 45.95 | OK | |||
r-devel-windows-ix86+x86_64 | 1.1.0 | 7.00 | 40.00 | 47.00 | NOTE | |
r-patched-linux-x86_64 | 1.1.0 | 3.34 | 29.24 | 32.58 | OK | |
r-patched-solaris-x86 | 1.1.0 | 59.90 | NOTE | |||
r-release-linux-x86_64 | 1.1.0 | 2.96 | 29.30 | 32.26 | OK | |
r-release-macos-x86_64 | 1.1.0 | NOTE | ||||
r-release-windows-ix86+x86_64 | 1.1.0 | 12.00 | 42.00 | 54.00 | NOTE | |
r-oldrel-macos-x86_64 | 1.1.0 | NOTE | ||||
r-oldrel-windows-ix86+x86_64 | 1.1.0 | 8.00 | 42.00 | 50.00 | NOTE |
Version: 1.1.0
Check: installed package size
Result: NOTE
installed size is 7.6Mb
sub-directories of 1Mb or more:
java 7.5Mb
Flavors: r-devel-linux-x86_64-fedora-clang, r-devel-windows-ix86+x86_64, r-patched-solaris-x86, r-release-macos-x86_64, r-release-windows-ix86+x86_64, r-oldrel-macos-x86_64, r-oldrel-windows-ix86+x86_64