Last updated on 2020-10-11 01:47:19 CEST.
Flavor | Version | Tinstall | Tcheck | Ttotal | Status | Flags |
---|---|---|---|---|---|---|
r-devel-linux-x86_64-debian-clang | 0.22.0 | 5.52 | 177.50 | 183.02 | OK | |
r-devel-linux-x86_64-debian-gcc | 0.22.0 | 5.19 | 138.09 | 143.28 | OK | |
r-devel-linux-x86_64-fedora-clang | 0.22.0 | 243.24 | NOTE | |||
r-devel-linux-x86_64-fedora-gcc | 0.22.0 | 247.07 | OK | |||
r-devel-windows-ix86+x86_64 | 0.22.0 | 22.00 | 211.00 | 233.00 | OK | |
r-patched-linux-x86_64 | 0.22.0 | 6.77 | 169.34 | 176.11 | OK | |
r-patched-solaris-x86 | 0.22.0 | 285.40 | OK | |||
r-release-linux-x86_64 | 0.22.0 | 6.29 | 172.62 | 178.91 | OK | |
r-release-macos-x86_64 | 0.22.0 | OK | ||||
r-release-windows-ix86+x86_64 | 0.22.0 | 17.00 | 158.00 | 175.00 | OK | |
r-oldrel-macos-x86_64 | 0.22.0 | OK | ||||
r-oldrel-windows-ix86+x86_64 | 0.22.0 | 19.00 | 206.00 | 225.00 | OK |
Version: 0.22.0
Check: Rd cross-references
Result: NOTE
Undeclared package ‘future’ in Rd xrefs
Flavor: r-devel-linux-x86_64-fedora-clang