CRAN Package Check Results for Package DiffXTables

Last updated on 2020-10-11 01:47:19 CEST.

Flavor Version Tinstall Tcheck Ttotal Status Flags
r-devel-linux-x86_64-debian-clang 0.1.1 3.51 37.99 41.50 OK
r-devel-linux-x86_64-debian-gcc 0.1.1 2.55 30.01 32.56 OK
r-devel-linux-x86_64-fedora-clang 0.1.1 62.08 NOTE
r-devel-linux-x86_64-fedora-gcc 0.1.1 50.55 NOTE
r-devel-windows-ix86+x86_64 0.1.1 8.00 59.00 67.00 OK
r-patched-linux-x86_64 0.1.1 3.71 37.21 40.92 OK
r-patched-solaris-x86 0.1.1 73.50 NOTE
r-release-linux-x86_64 0.1.1 3.52 36.91 40.43 OK
r-release-macos-x86_64 0.1.1 NOTE
r-release-windows-ix86+x86_64 0.1.1 7.00 44.00 51.00 OK
r-oldrel-macos-x86_64 0.1.1 NOTE
r-oldrel-windows-ix86+x86_64 0.1.1 6.00 55.00 61.00 OK

Check Details

Version: 0.1.1
Check: dependencies in R code
Result: NOTE
    Namespace in Imports field not imported from: ‘Rdpack’
     All declared Imports should be used.
Flavors: r-devel-linux-x86_64-fedora-clang, r-devel-linux-x86_64-fedora-gcc, r-patched-solaris-x86, r-release-macos-x86_64, r-oldrel-macos-x86_64