Last updated on 2020-10-11 01:47:20 CEST.
Flavor | Version | Tinstall | Tcheck | Ttotal | Status | Flags |
---|---|---|---|---|---|---|
r-devel-linux-x86_64-debian-clang | 1.1 | 14.02 | 216.75 | 230.77 | NOTE | |
r-devel-linux-x86_64-debian-gcc | 1.1 | 9.93 | 158.60 | 168.53 | NOTE | |
r-devel-linux-x86_64-fedora-clang | 1.1 | 142.11 | NOTE | |||
r-devel-linux-x86_64-fedora-gcc | 1.1 | 128.50 | NOTE | |||
r-devel-windows-ix86+x86_64 | 1.1 | 30.00 | 215.00 | 245.00 | OK | |
r-patched-linux-x86_64 | 1.1 | 8.84 | 182.71 | 191.55 | NOTE | |
r-patched-solaris-x86 | 1.1 | 307.30 | NOTE | |||
r-release-linux-x86_64 | 1.1 | 12.42 | 183.40 | 195.82 | NOTE | |
r-release-macos-x86_64 | 1.1 | NOTE | ||||
r-release-windows-ix86+x86_64 | 1.1 | 23.00 | 168.00 | 191.00 | OK | |
r-oldrel-macos-x86_64 | 1.1 | NOTE | ||||
r-oldrel-windows-ix86+x86_64 | 1.1 | 24.00 | 217.00 | 241.00 | OK |
Version: 1.1
Check: package dependencies
Result: NOTE
Package suggested but not available for checking: 'lightgbm'
Flavors: r-devel-linux-x86_64-debian-clang, r-devel-linux-x86_64-debian-gcc, r-devel-linux-x86_64-fedora-clang, r-devel-linux-x86_64-fedora-gcc, r-patched-linux-x86_64, r-patched-solaris-x86, r-release-linux-x86_64, r-release-macos-x86_64, r-oldrel-macos-x86_64
Version: 1.1
Check: dependencies in R code
Result: NOTE
Namespaces in Imports field not imported from:
‘MASS’ ‘Matrix’ ‘tidyr’
All declared Imports should be used.
Flavors: r-devel-linux-x86_64-fedora-clang, r-devel-linux-x86_64-fedora-gcc, r-patched-solaris-x86, r-release-macos-x86_64, r-oldrel-macos-x86_64