Last updated on 2020-10-11 01:47:20 CEST.
Flavor | Version | Tinstall | Tcheck | Ttotal | Status | Flags |
---|---|---|---|---|---|---|
r-devel-linux-x86_64-debian-clang | 0.2-2 | 17.31 | 143.43 | 160.74 | OK | |
r-devel-linux-x86_64-debian-gcc | 0.2-2 | 12.56 | 109.11 | 121.67 | OK | |
r-devel-linux-x86_64-fedora-clang | 0.2-2 | 198.14 | NOTE | |||
r-devel-linux-x86_64-fedora-gcc | 0.2-2 | 203.73 | OK | |||
r-devel-windows-ix86+x86_64 | 0.2-2 | 29.00 | 182.00 | 211.00 | OK | |
r-patched-linux-x86_64 | 0.2-2 | 14.74 | 137.39 | 152.13 | OK | |
r-patched-solaris-x86 | 0.2-2 | 254.50 | OK | |||
r-release-linux-x86_64 | 0.2-2 | 14.79 | 137.62 | 152.41 | OK | |
r-release-macos-x86_64 | 0.2-2 | OK | ||||
r-release-windows-ix86+x86_64 | 0.2-2 | 21.00 | 192.00 | 213.00 | OK | |
r-oldrel-macos-x86_64 | 0.2-2 | OK | ||||
r-oldrel-windows-ix86+x86_64 | 0.2-2 | 25.00 | 179.00 | 204.00 | OK |
Version: 0.2-2
Check: Rd cross-references
Result: NOTE
Undeclared packages ‘EnvStats’, ‘drc’, ‘zoo’, ‘openxlsx’, ‘prodlim’, ‘plyr’, ‘TRAMPR’, ‘raster’ in Rd xrefs
Flavor: r-devel-linux-x86_64-fedora-clang