Last updated on 2020-10-11 01:47:20 CEST.
Flavor | Version | Tinstall | Tcheck | Ttotal | Status | Flags |
---|---|---|---|---|---|---|
r-devel-linux-x86_64-debian-clang | 2.1.1 | 34.03 | 59.87 | 93.90 | OK | |
r-devel-linux-x86_64-debian-gcc | 2.1.1 | 23.22 | 44.08 | 67.30 | OK | |
r-devel-linux-x86_64-fedora-clang | 2.1.1 | 131.88 | NOTE | |||
r-devel-linux-x86_64-fedora-gcc | 2.1.1 | 117.66 | NOTE | |||
r-devel-windows-ix86+x86_64 | 2.1.1 | 51.00 | 112.00 | 163.00 | OK | |
r-patched-linux-x86_64 | 2.1.1 | 28.75 | 58.90 | 87.65 | OK | |
r-patched-solaris-x86 | 2.1.1 | 205.70 | NOTE | |||
r-release-linux-x86_64 | 2.1.1 | 26.98 | 58.54 | 85.52 | OK | |
r-release-macos-x86_64 | 2.1.1 | NOTE | ||||
r-release-windows-ix86+x86_64 | 2.1.1 | 45.00 | 89.00 | 134.00 | OK | |
r-oldrel-macos-x86_64 | 2.1.1 | NOTE | ||||
r-oldrel-windows-ix86+x86_64 | 2.1.1 | 57.00 | 119.00 | 176.00 | OK |
Version: 2.1.1
Check: installed package size
Result: NOTE
installed size is 5.9Mb
sub-directories of 1Mb or more:
doc 1.7Mb
libs 4.0Mb
Flavor: r-devel-linux-x86_64-fedora-clang
Version: 2.1.1
Check: dependencies in R code
Result: NOTE
Namespaces in Imports field not imported from:
‘Matrix’ ‘Rtsne’ ‘uwot’
All declared Imports should be used.
Flavors: r-devel-linux-x86_64-fedora-clang, r-devel-linux-x86_64-fedora-gcc, r-patched-solaris-x86, r-release-macos-x86_64, r-oldrel-macos-x86_64