CRAN Package Check Results for Package EstHer

Last updated on 2020-10-11 01:47:20 CEST.

Flavor Version Tinstall Tcheck Ttotal Status Flags
r-devel-linux-x86_64-debian-clang 1.0 32.24 74.73 106.97 OK
r-devel-linux-x86_64-debian-gcc 1.0 24.62 58.96 83.58 OK
r-devel-linux-x86_64-fedora-clang 1.0 146.54 NOTE
r-devel-linux-x86_64-fedora-gcc 1.0 142.89 NOTE
r-devel-windows-ix86+x86_64 1.0 82.00 138.00 220.00 OK
r-patched-linux-x86_64 1.0 31.53 71.59 103.12 OK
r-patched-solaris-x86 1.0 171.30 OK
r-release-linux-x86_64 1.0 31.50 71.63 103.13 OK
r-release-macos-x86_64 1.0 OK
r-release-windows-ix86+x86_64 1.0 59.00 144.00 203.00 OK
r-oldrel-macos-x86_64 1.0 OK
r-oldrel-windows-ix86+x86_64 1.0 71.00 108.00 179.00 OK

Check Details

Version: 1.0
Check: compiled code
Result: NOTE
    File ‘EstHer/libs/EstHer.so’:
     Found no calls to: ‘R_registerRoutines’, ‘R_useDynamicSymbols’
    
    It is good practice to register native routines and to disable symbol
    search.
    
    See ‘Writing portable packages’ in the ‘Writing R Extensions’ manual.
Flavors: r-devel-linux-x86_64-fedora-clang, r-devel-linux-x86_64-fedora-gcc