CRAN Package Check Results for Package EstimationTools

Last updated on 2020-10-11 01:47:20 CEST.

Flavor Version Tinstall Tcheck Ttotal Status Flags
r-devel-linux-x86_64-debian-clang 2.0.0 8.91 99.53 108.44 OK
r-devel-linux-x86_64-debian-gcc 2.0.0 7.87 78.29 86.16 OK
r-devel-linux-x86_64-fedora-clang 2.0.0 148.83 NOTE
r-devel-linux-x86_64-fedora-gcc 2.0.0 130.95 NOTE
r-devel-windows-ix86+x86_64 2.0.0 19.00 135.00 154.00 OK
r-patched-linux-x86_64 2.0.0 8.38 96.62 105.00 OK
r-patched-solaris-x86 2.0.0 194.90 NOTE
r-release-linux-x86_64 2.0.0 8.53 96.34 104.87 OK
r-release-macos-x86_64 2.0.0 NOTE
r-release-windows-ix86+x86_64 2.0.0 15.00 94.00 109.00 OK
r-oldrel-macos-x86_64 2.0.0 NOTE
r-oldrel-windows-ix86+x86_64 2.0.0 17.00 139.00 156.00 OK

Check Details

Version: 2.0.0
Check: dependencies in R code
Result: NOTE
    Namespaces in Imports field not imported from:
     ‘RCurl’ ‘foreign’
     All declared Imports should be used.
Flavors: r-devel-linux-x86_64-fedora-clang, r-devel-linux-x86_64-fedora-gcc, r-patched-solaris-x86, r-release-macos-x86_64, r-oldrel-macos-x86_64