Last updated on 2020-10-11 01:47:21 CEST.
Flavor | Version | Tinstall | Tcheck | Ttotal | Status | Flags |
---|---|---|---|---|---|---|
r-devel-linux-x86_64-debian-clang | 3.3.0 | 127.67 | 187.66 | 315.33 | OK | |
r-devel-linux-x86_64-debian-gcc | 3.3.0 | 95.85 | 139.22 | 235.07 | OK | |
r-devel-linux-x86_64-fedora-clang | 3.3.0 | 393.32 | NOTE | |||
r-devel-linux-x86_64-fedora-gcc | 3.3.0 | 406.88 | OK | |||
r-devel-windows-ix86+x86_64 | 3.3.0 | 242.00 | 246.00 | 488.00 | NOTE | |
r-patched-linux-x86_64 | 3.3.0 | 85.75 | 174.36 | 260.11 | OK | |
r-patched-solaris-x86 | 3.3.0 | 366.10 | OK | |||
r-release-linux-x86_64 | 3.3.0 | 89.35 | 172.49 | 261.84 | OK | |
r-release-macos-x86_64 | 3.3.0 | NOTE | ||||
r-release-windows-ix86+x86_64 | 3.3.0 | 180.00 | 257.00 | 437.00 | NOTE | |
r-oldrel-macos-x86_64 | 3.3.0 | NOTE | ||||
r-oldrel-windows-ix86+x86_64 | 3.3.0 | 208.00 | 226.00 | 434.00 | NOTE |
Version: 3.3.0
Check: installed package size
Result: NOTE
installed size is 10.6Mb
sub-directories of 1Mb or more:
doc 1.7Mb
libs 7.8Mb
Flavors: r-devel-linux-x86_64-fedora-clang, r-devel-windows-ix86+x86_64, r-release-macos-x86_64, r-release-windows-ix86+x86_64, r-oldrel-macos-x86_64, r-oldrel-windows-ix86+x86_64