CRAN Package Check Results for Package ForecastComb

Last updated on 2020-10-11 01:47:21 CEST.

Flavor Version Tinstall Tcheck Ttotal Status Flags
r-devel-linux-x86_64-debian-clang 1.3.1 14.27 192.56 206.83 OK
r-devel-linux-x86_64-debian-gcc 1.3.1 11.21 143.24 154.45 OK
r-devel-linux-x86_64-fedora-clang 1.3.1 247.47 NOTE
r-devel-linux-x86_64-fedora-gcc 1.3.1 239.22 OK
r-devel-windows-ix86+x86_64 1.3.1 33.00 226.00 259.00 OK
r-patched-linux-x86_64 1.3.1 12.56 181.60 194.16 OK
r-patched-solaris-x86 1.3.1 320.50 OK
r-release-linux-x86_64 1.3.1 12.22 178.62 190.84 OK
r-release-macos-x86_64 1.3.1 OK
r-release-windows-ix86+x86_64 1.3.1 26.00 169.00 195.00 OK
r-oldrel-macos-x86_64 1.3.1 OK
r-oldrel-windows-ix86+x86_64 1.3.1 27.00 219.00 246.00 OK

Check Details

Version: 1.3.1
Check: Rd cross-references
Result: NOTE
    Undeclared package ‘ForecastCombinations’ in Rd xrefs
Flavor: r-devel-linux-x86_64-fedora-clang